en 1076 is divided by 356.
8
What is the remainder when 812 is divided by 102?
98
What is the remainder when 4241 is divided by 170?
161
What is the remainder when 100 is divided by 30?
10
Calculate the remainder when 672 is divided by 91.
35
Calculate the remainder when 52 is divided by 19.
14
What is the remainder when 308 is divided by 114?
80
What is the remainder when 68 is divided by 10?
8
What is the remainder when 167 is divided by 38?
15
Calculate the remainder when 242 is divided by 51.
38
What is the remainder when 3403 is divided by 850?
3
What is the remainder when 104 is divided by 17?
2
What is the remainder when 785 is divided by 769?
16
Calculate the remainder when 113 is divided by 54.
5
What is the remainder when 556 is divided by 71?
59
What is the remainder when 211 is divided by 22?
13
Calculate the remainder when 197 is divided by 60.
17
What is the remainder when 429 is divided by 73?
64
What is the remainder when 186 is divided by 74?
38
Calculate the remainder when 536 is divided by 209.
118
What is the remainder when 4303 is divided by 16?
15
Calculate the remainder when 3777 is divided by 470.
17
What is the remainder when 41 is divided by 21?
20
Calculate the remainder when 2607 is divided by 10.
7
Calculate the remainder when 16075 is divided by 134.
129
Calculate the remainder when 43 is divided by 17.
9
Calculate the remainder when 214 is divided by 10.
4
Calculate the remainder when 388 is divided by 23.
20
What is the remainder when 183 is divided by 46?
45
What is the remainder when 1949 is divided by 141?
116
Calculate the remainder when 1078 is divided by 372.
334
Calculate the remainder when 1395 is divided by 100.
95
What is the remainder when 3303 is divided by 28?
27
Calculate the remainder when 21 is divided by 12.
9
What is the remainder when 18701 is divided by 129?
125
Calculate the remainder when 219 is divided by 33.
21
What is the remainder when 442 is divided by 5?
2
Calculate the remainder when 161 is divided by 12.
5
Calculate the remainder when 381 is divided by 24.
21
Calculate the remainder when 109 is divided by 8.
5
Calculate the remainder when 5775 is divided by 1441.
11
What is the remainder when 174 is divided by 13?
5
Calculate the remainder when 809 is divided by 270.
269
Calculate the remainder when 2746 is divided by 1365.
16
What is the remainder when 227 is divided by 47?
39
Calculate the remainder when 206 is divided by 13.
11
Calculate the remainder when 1801 is divided by 34.
33
Calculate the remainder when 95 is divided by 71.
24
What is the remainder when 826 is divided by 409?
8
What is the remainder when 2853 is divided by 563?
38
Calculate the remainder when 59 is divided by 30.
29
Calculate the remainder when 196 is divided by 50.
46
What is the remainder when 909 is divided by 7?
6
What is the remainder when 289 is divided by 73?
70
What is the remainder when 61 is divided by 52?
9
Calculate the remainder when 138 is divided by 28.
26
What is the remainder when 171 is divided by 44?
39
Calculate the remainder when 1066 is divided by 527.
12
Calculate the remainder when 470 is divided by 111.
26
What is the remainder when 469 is divided by 14?
7
Calculate the remainder when 180 is divided by 37.
32
What is the remainder when 886 is divided by 241?
163
Calculate the remainder when 347 is divided by 45.
32
What is the remainder when 338 is divided by 12?
2
Calculate the remainder when 94 is divided by 77.
17
What is the remainder when 331 is divided by 166?
165
Calculate the remainder when 896 is divided by 69.
68
What is the remainder when 8102 is divided by 9?
2
What is the remainder when 963 is divided by 933?
30
What is the remainder when 483 is divided by 99?
87
Calculate the remainder when 1303 is divided by 15.
13
Calculate the remainder when 50 is divided by 26.
24
Calculate the remainder when 17 is divided by 11.
6
Calculate the remainder when 164 is divided by 58.
48
Calculate the remainder when 184 is divided by 18.
4
What is the remainder when 149 is divided by 65?
19
Calculate the remainder when 480 is divided by 293.
187
What is the remainder when 2 is divided by 2?
0
Calculate the remainder when 1458 is divided by 58.
8
What is the remainder when 1510 is divided by 15?
10
Calculate the remainder when 854 is divided by 148.
114
Calculate the remainder when 1574 is divided by 79.
73
What is the remainder when 21891 is divided by 28?
23
What is the remainder when 47 is divided by 32?
15
What is the remainder when 49 is divided by 10?
9
Calculate the remainder when 113 is divided by 13.
9
Calculate the remainder when 50 is divided by 3.
2
What is the remainder when 401 is divided by 142?
117
Calculate the remainder when 1916 is divided by 19.
16
What is the remainder when 537 is divided by 7?
5
What is the remainder when 630 is divided by 308?
14
What is the remainder when 6078 is divided by 80?
78
Calculate the remainder when 5 is divided by 2.
1
What is the remainder when 1114 is divided by 32?
26
Calculate the remainder when 7297 is divided by 10.
7
What is the remainder when 557 is divided by 62?
61
What is the remainder when 54 is divided by 16?
6
Calculate the remainder when 17423 is divided by 41.
39
What is the remainder when 41 is divided by 23?
18
What is the remainder when 145 is divided by 25?
20
What is the remainder when 251 is divided by 64?
59
What is the remainder when 263 is divided by 95?
73
Calculate the remainder when 860 is divided by 18.
14
What is the remainder when 3442 is divided by 21?
19
Calculate the remainder when 293 is divided by 156.
137
What is the remainder when 106 is divided by 46?
14
What is the remainder when 454 is divided by 92?
86
Calculate the remainder when 2868 is divided by 11.
8
What is the remainder when 145 is divided by 37?
34
Calculate the remainder when 245 is divided by 61.
1
Calculate the remainder when 934 is divided by 92.
14
What is the remainder when 1437 is divided by 18?
15
Calculate the remainder when 199 is divided by 17.
12
Calculate the remainder when 352 is divided by 28.
16
Calculate the remainder when 410 is divided by 134.
8
What is the remainder when 50 is divided by 11?
6
Calculate the remainder when 158 is divided by 81.
77
What is the remainder when 99 is divided by 17?
14
What is the remainder when 3685 is divided by 15?
10
Calculate the remainder when 645 is divided by 80.
5
Calculate the remainder when 143 is divided by 27.
8
Calculate the remainder when 92 is divided by 25.
17
Calculate the remainder when 362 is divided by 53.
44
Calculate the remainder when 364 is divided by 117.
13
Calculate the remainder when 88 is divided by 58.
30
What is the remainder when 899 is divided by 169?
54
What is the remainder when 4349 is divided by 17?
14
Calculate the remainder when 1132 is divided by 21.
19
Calculate the remainder when 676 is divided by 329.
18
Calculate the remainder when 594 is divided by 243.
108
What is the remainder when 348 is divided by 59?
53
Calculate the remainder when 63 is divided by 8.
7
Calculate the remainder when 456 is divided by 154.
148
Calculate the remainder when 1333 is divided by 330.
13
What is the remainder when 3195 is divided by 47?
46
Calculate the remainder when 215 is divided by 8.
7
Calculate the remainder when 588 is divided by 288.
12
Calculate the remainder when 418 is divided by 47.
42
What is the remainder when 99 is divided by 25?
24
What is the remainder when 169 is divided by 10?
9
What is the remainder when 798 is divided by 130?
18
Calculate the remainder when 1281 is divided by 262.
233
What is the remainder when 1513 is divided by 15?
13
Calculate the remainder when 1247 is divided by 12.
11
What is the remainder when 142 is divided by 13?
12
What is the remainder when 3351 is divided by 1663?
25
What is the remainder when 140 is divided by 30?
20
Calculate the remainder when 1494 is divided by 214.
210
Calculate the remainder when 672 is divided by 669.
3
What is the remainder when 2282 is divided by 15?
2
What is the remainder when 394 is divided by 18?
16
Calculate the remainder when 101 is divided by 28.
17
What is the remainder when 708 is divided by 198?
114
Calculate the remainder when 414 is divided by 5.
4
Calculate the remainde